what is 1 + -11?
-10
In base 5, what is 102122 - -3?
102130
In base 12, what is 514 - 1?
513
In base 12, what is -4 - 128?
-130
In base 8, what is -3 - -1371?
1366
In base 2, what is 1101001001 - -101?
1101001110
In base 7, what is 54 + 100?
154
In base 8, what is -4 - 0?
-4
In base 11, what is -5 - -41?
37
In base 2, what is -101 + 11010101?
11010000
In base 3, what is 20 - -1010?
1100
In base 14, what is -1379 - 4?
-137d
In base 16, what is 2004 - 5?
1fff
In base 8, what is -1 + -1464?
-1465
In base 11, what is -1 - 51?
-52
In base 8, what is -23042 - 3?
-23045
In base 2, what is 10111 - 100111?
-10000
In base 14, what is -1 - dc5?
-dc6
In base 4, what is -2 + -1010?
-1012
In base 5, what is 11101 + -13?
11033
In base 6, what is 0 + 201?
201
In base 9, what is -71 + -30?
-111
In base 2, what is 110000001111 - 100?
110000001011
In base 14, what is -14 - -44?
30
In base 9, what is 6 + 7?
14
In base 9, what is -418 - 3?
-422
In base 10, what is 315 - 56?
259
In base 2, what is -1000010010 - -11?
-1000001111
In base 15, what is -5 - -a30?
a2a
In base 9, what is -3 - 28?
-32
In base 12, what is -b + 21?
12
In base 4, what is -102 + -3200?
-3302
In base 4, what is 3 - 2102?
-2033
In base 10, what is -16200 - 3?
-16203
In base 13, what is -4 - -28?
24
In base 8, what is 17 - -572?
611
In base 8, what is -12 + 200?
166
In base 16, what is -a - -74e?
744
In base 16, what is 3 - ffb?
-ff8
In base 3, what is -120222 + -12?
-121011
In base 2, what is 10 - -101?
111
In base 8, what is 137 - 222?
-63
In base 11, what is a - -275?
284
In base 13, what is c1 + 3?
c4
In base 3, what is 12112 - 12?
12100
In base 2, what is -1100 - 1000111?
-1010011
In base 13, what is -a34 - 3?
-a37
In base 15, what is -8b + -1b?
-a7
In base 13, what is -98a + 1?
-989
In base 7, what is 24 + -15?
6
In base 16, what is -2 + -75?
-77
In base 5, what is 41 - 2?
34
In base 7, what is 3 - -45?
51
In base 4, what is 2002 + -3?
1333
In base 12, what is a + 86?
94
In base 2, what is 1101110 - 110100?
111010
In base 8, what is -4550 + 0?
-4550
In base 3, what is 200110 + -12?
200021
In base 3, what is -1012020 - 2?
-1012022
In base 3, what is 201212 - -11?
202000
In base 10, what is -136 + 3?
-133
In base 4, what is 10 + 13322?
13332
In base 10, what is 42 + -107?
-65
In base 3, what is 2101 + 102021?
111122
In base 6, what is 14255 - 3?
14252
In base 11, what is 1a7 - -78?
274
In base 5, what is 10 + 41413?
41423
In base 13, what is 19 - 6?
13
In base 6, what is 25 - -2?
31
In base 5, what is -1 - -23124?
23123
In base 3, what is -102110 + 1?
-102102
In base 3, what is -1 - -12002?
12001
In base 2, what is -11001001101111 - 10?
-11001001110001
In base 3, what is 220221112 - 12?
220221100
In base 10, what is -9 + -3424?
-3433
In base 15, what is -1b3 + 1?
-1b2
In base 3, what is 1 + -10220?
-10212
In base 16, what is 0 + -20?
-20
In base 14, what is -a4 + 78?
-2a
In base 14, what is -20cb - 5?
-20d2
In base 9, what is -2 + -55?
-57
In base 4, what is -22 + -22?
-110
In base 7, what is -40 + -205?
-245
In base 7, what is 5 - -26?
34
In base 10, what is 71 + 5?
76
In base 13, what is 2 - -2a5?
2a7
In base 5, what is -4 - -43?
34
In base 7, what is 1000 - -24?
1024
In base 2, what is -101 - 1001110?
-1010011
In base 7, what is -334 - 202?
-536
In base 8, what is -203 - -6?
-175
In base 16, what is 23 - -1?
24
In base 14, what is -8 - -6?
-2
In base 7, what is 25440 - 5?
25432
In base 5, what is 122 + -130?
-3
In base 12, what is -2954 - 2?
-2956
In base 11, what is -138 - 2?
-13a
In base 7, what is -4 + 40?
33
In base 7, what is 3042 - 4?
3035
In base 3, what is 1101 - -2?
1110
In base 15, what is -4 - -2ae?
2aa
In base 3, what is -212 - 11?
-1000
In base 16, what is 4 + 114?
118
In base 12, what is -ba - 5?
-103
In base 11, what is 5 + -144?
-13a
In base 16, what is 0 - 23?
-23
In base 7, what is -25262 - 5?
-25300
In base 15, what is 4 - -333?
337
In base 12, what is 7 - -5?
10
In base 15, what is -1 + 32?
31
In base 6, what is 11 + -42?
-31
In base 8, what is -16632 - 1?
-16633
In base 8, what is -6 + -33?
-41
In base 13, what is -1 + 255?
254
In base 15, what is 162 + -8?
159
In base 2, what is 10 - 10011001?
-10010111
In base 15, what is 1 + -94?
-93
In base 12, what is -25 - -1?
-24
In base 15, what is -13 + -c1?
-d4
In base 8, what is 0 - 6010?
-6010
In base 5, what is 0 + -444?
-444
In base 15, what is 2 - -9d3?
9d5
In base 15, what is 4 + -b?
-7
In base 11, what is 192 - -3?
195
In base 3, what is -2 + 11222?
11220
In base 5, what is 102104 - 0?
102104
In base 10, what is 259 - -1?
260
In base 11, what is 43 - 352?
-30a
In base 13, what is -1a57 + -5?
-1a5c
In base 5, what is -32121 + 3?
-32113
In base 7, what is -3 - -3532?
3526
In base 7, what is -122 - -111?
-11
In base 15, what is 4b - -44?
90
In base 14, what is -5bb + -4?
-5c1
In base 11, what is -388 + 2?
-386
In base 11, what is -2 + 1304?
1302
In base 4, what is -30 + 1112?
1022
In base 6, what is 4 + 3152?
3200
In base 14, what is -95 - 6?
-9b
In base 16, what is -60 - 3?
-63
In base 14, what is -111 + -82?
-193
In base 13, what is -5 + a41?
a39
In base 11, what is 10 - -10?
20
In base 4, what is -11 - -123?
112
In base 12, what is -397 - 5?
-3a0
In base 15, what is -7 + -a0?
-a7
In base 13, what is 16 - 495?
-47c
In base 6, what is 104041 - -2?
104043
In base 3, what is 110 - -1202?
2012
In base 8, what is -3 + -3356?
-3361
In base 15, what is 5 - 25?
-20
In base 12, what is -4 + 8a6?
8a2
In base 12, what is 847 + -8?
83b
In base 7, what is -3 + 6063?
6060
In base 16, what is -1e3 - -1?
-1e2
In base 5, what is -3 - -123?
120
In base 9, what is -82 - 37?
-130
In base 9, what is 5 - 220?
-214
In base 11, what is 5 - 5?
0
In base 16, what is -3 - -21?
1e
In base 7, what is 252 + -30?
222
In base 13, what is 18 + 17?
32
In base 6, what is -5 - -50?
41
In base 15, what is -1 - -3a?
39
In base 3, what is -211220 + -11?
-212001
In base 14, what is -16 + 6?
-10
In base 10, what is -1090 - 29?
-1119
In base 5, what is 10 + 23?
33
In base 9, what is 1 + -3?
-2
In base 15, what is -c + -13?
-20
In base 9, what is 4 + -10?
-5
In base 14, what is 1a + -1?
19
In base 14, what is -5 + -546?
-54b
In base 6, what is 33 + 112?
145
In base 7, what is -106 + 4?
-102
In base 14, what is -56 + -6?
-5c
In base 3, what is 1 - 102001?
-102000
In base 8, what is 2 + 76?
100
In base 3, what is 10221 + 1?
10222
In base 14, what is 56d - 2?
56b
In base 2, what is 101000 - 100?
100100
In base 13, what is 5 + 187?
18c
In base 10, what is -1421 + 4?
-1417
In base 16, what is 8 + 81?
89
In base 3, what is -122021 - 1?
-122022
In base 7, what is 0 - -541?
541
In base 7, what is -25 - -153?
125
In base 15, what is 1 + 50?
51
In base 8, what is -15 + -165?
-202
In base 10, what is 11 + -14?
-3
In base 6, what is -224 - 2?
-230
In base 7, what is 35 - 63?
-25
In base 14, what is -26 - 27?
-4d
In base 5, what is -2 - -2030?
2023
In base 9, what is -4 - 11?
-15
In base 2, what is -10 - -10000111?
10000101
In base 7, what is -246 - -163?
-53
In base 12, what is 162a - -4?
1632
In base 8, what is -3 + 5?
2
In base 8, what is -112 - -3?
-107
In base 13, what is 4 + -3?
1
In base 3, what is 200110 + 2?
200112
In base 14, what is 175 - -11?
186
In base 2, what is 1110100100111 + 11?
1110100101010
In base 7, what is 0 + -34?
-34
In base 6, what is -1 - -100?
55
In base 10, what is 1954 - 1?
1953
In base 5, what is 114 + -211?
-42
In base 11, what is a578 + -1?
a577
In base 16, what is 241 - -3?
244
In base 16, what is 10 + -3d?
-2d
In base 7, what is -2 + 14232?
14230
In base 13, what is -4 - -1586?
1582
In base 6, what is 1 + 112350?
112351
In base 5, what is 100102 - -12?
100114
In base 4, what is -110030 + 10?
-110020
In base 8, what is 413 + 2?
415
In base 9, what is -6 + -160?
-166
In base 15, what is 0 + 63a?
63a
In base 3, what is -122002011 + -2?
-122002020
In base 4, what is -2 + 2102?
2100
In base 5, what is 1144 - 4?
1140
In base 5, what is 243 + -4?
234
In base 3, what is -1012002 - 1?
-1012010
In base 9, what is -23 + -56?
-80
In base 10, what is -54 + 2?
-52
In base 5, what is 2211 - 1?
2210
In base 9, what is -123 - -4?
-118
In base 8, what is 4 + -52?
-46
In base 2, what is 0 - -1110101?
1110101
In base 6, what is -1 + 320?
315
In base 12, w